{"id":7298,"date":"2023-07-03T14:17:57","date_gmt":"2023-07-03T14:17:57","guid":{"rendered":"https:\/\/centralconsulting.africa\/?post_type=product&#038;p=7298"},"modified":"2023-07-03T14:18:00","modified_gmt":"2023-07-03T14:18:00","slug":"des-equipements-aux-normes-din","status":"publish","type":"product","link":"https:\/\/centralconsulting.africa\/index.php\/product\/des-equipements-aux-normes-din\/","title":{"rendered":"DES \u00c9QUIPEMENTS AUX NORMES DIN"},"content":{"rendered":"<p>CALES FAIRTRANS<br \/>\nLes cales Fairtrans ont \u00e9t\u00e9 con\u00e7ues selon la norme DIN 81915 et sont approuv\u00e9es par diverses soci\u00e9t\u00e9s de classification. De plus, le Single Panama Chock (type MC -..- 8) et le Double Panama Chock (type MC -..- 12) sont conformes aux r\u00e9glementations du canal de Panama. Les cales peuvent \u00eatre livr\u00e9es soit en type A pour le soudage dans le pavois, soit en type C pour le soudage directement sur le pont.<\/p>\n<p>Sp\u00e9cifications techniques<br \/>\nNotre service commercial peut vous informer des instructions suppl\u00e9mentaires pour se conformer \u00e0 la r\u00e9glementation du canal de Panama.<\/p>\n","protected":false},"excerpt":{"rendered":"<p>La plupart des \u00e9quipements d\u2019amarrage sont construits selon les normes DIN. Ces normes sont utilis\u00e9es comme r\u00e9f\u00e9rence par de nombreuses soci\u00e9t\u00e9s de classification. L\u2019\u00e9quipement d\u2019amarrage est construit \u00e0 partir de composants de haute qualit\u00e9, pour une longue dur\u00e9e de vie et un fonctionnement s\u00fbr. Les dimensions d\u00e9passent la norme pour prot\u00e9ger les fils et les lignes contre l\u2019usure pr\u00e9coce. SEC peut vous aider \u00e0 concevoir un plan d\u2019amarrage. Les treuils et l\u2019\u00e9quipement d\u2019amarrage peuvent \u00eatre plac\u00e9s de mani\u00e8re \u00e0 ce que les op\u00e9rations d\u2019amarrage puissent \u00eatre effectu\u00e9es avec un \u00e9quipage r\u00e9duit.<\/p>\n<p>SEC est en mesure de livrer du mat\u00e9riel d\u2019amarrage \u00e0 des prix comp\u00e9titifs. Tout l\u2019\u00e9quipement d\u2019amarrage est pr\u00eat \u00e0 \u00eatre install\u00e9 \u00e0 bord.<\/p>\n<p>Les produits peuvent \u00eatre install\u00e9s sans modification de la construction du navire. L\u2019utilisation d\u2019un appr\u00eat de soudage permet un soudage direct sur le pont du navire, ce qui r\u00e9duit le temps d\u2019installation pour le chantier naval.<\/p>\n","protected":false},"featured_media":7299,"comment_status":"open","ping_status":"closed","template":"","meta":[],"product_cat":[],"product_tag":[],"_links":{"self":[{"href":"https:\/\/centralconsulting.africa\/index.php\/wp-json\/wp\/v2\/product\/7298"}],"collection":[{"href":"https:\/\/centralconsulting.africa\/index.php\/wp-json\/wp\/v2\/product"}],"about":[{"href":"https:\/\/centralconsulting.africa\/index.php\/wp-json\/wp\/v2\/types\/product"}],"replies":[{"embeddable":true,"href":"https:\/\/centralconsulting.africa\/index.php\/wp-json\/wp\/v2\/comments?post=7298"}],"wp:featuredmedia":[{"embeddable":true,"href":"https:\/\/centralconsulting.africa\/index.php\/wp-json\/wp\/v2\/media\/7299"}],"wp:attachment":[{"href":"https:\/\/centralconsulting.africa\/index.php\/wp-json\/wp\/v2\/media?parent=7298"}],"wp:term":[{"taxonomy":"product_cat","embeddable":true,"href":"https:\/\/centralconsulting.africa\/index.php\/wp-json\/wp\/v2\/product_cat?post=7298"},{"taxonomy":"product_tag","embeddable":true,"href":"https:\/\/centralconsulting.africa\/index.php\/wp-json\/wp\/v2\/product_tag?post=7298"}],"curies":[{"name":"wp","href":"https:\/\/api.w.org\/{rel}","templated":true}]}}