{"id":7222,"date":"2023-06-23T14:41:30","date_gmt":"2023-06-23T14:41:30","guid":{"rendered":"https:\/\/centralconsulting.africa\/?post_type=product&#038;p=7222"},"modified":"2023-06-23T14:41:30","modified_gmt":"2023-06-23T14:41:30","slug":"propulseurs-a-grille-azimut-ale","status":"publish","type":"product","link":"https:\/\/centralconsulting.africa\/index.php\/product\/propulseurs-a-grille-azimut-ale\/","title":{"rendered":"PROPULSEURS \u00c0 GRILLE AZIMUT ALE"},"content":{"rendered":"","protected":false},"excerpt":{"rendered":"<p>Le propulseur \u00e0 grille azimut ALE Jastram est capable de fournir un positionnement dynamique tr\u00e8s pr\u00e9cis, une direction r\u00e9active et une propulsion d\u2019urgence. Mont\u00e9 affleurant au fond de la coque, il n\u2019a pas de parties saillantes qui pourraient \u00eatre endommag\u00e9es en eau peu profonde. Une grille amovible prot\u00e8ge l\u2019h\u00e9lice mont\u00e9e horizontalement. Les petites pi\u00e8ces et le sable passent \u00e0 travers le bo\u00eetier grand volume. Une h\u00e9lice sp\u00e9ciale g\u00e9n\u00e8re une pouss\u00e9e efficace avec un volume d\u2019eau \u00e9lev\u00e9 \u00e0 basse pression.<\/p>\n","protected":false},"featured_media":7223,"comment_status":"open","ping_status":"closed","template":"","meta":[],"product_cat":[],"product_tag":[],"_links":{"self":[{"href":"https:\/\/centralconsulting.africa\/index.php\/wp-json\/wp\/v2\/product\/7222"}],"collection":[{"href":"https:\/\/centralconsulting.africa\/index.php\/wp-json\/wp\/v2\/product"}],"about":[{"href":"https:\/\/centralconsulting.africa\/index.php\/wp-json\/wp\/v2\/types\/product"}],"replies":[{"embeddable":true,"href":"https:\/\/centralconsulting.africa\/index.php\/wp-json\/wp\/v2\/comments?post=7222"}],"wp:featuredmedia":[{"embeddable":true,"href":"https:\/\/centralconsulting.africa\/index.php\/wp-json\/wp\/v2\/media\/7223"}],"wp:attachment":[{"href":"https:\/\/centralconsulting.africa\/index.php\/wp-json\/wp\/v2\/media?parent=7222"}],"wp:term":[{"taxonomy":"product_cat","embeddable":true,"href":"https:\/\/centralconsulting.africa\/index.php\/wp-json\/wp\/v2\/product_cat?post=7222"},{"taxonomy":"product_tag","embeddable":true,"href":"https:\/\/centralconsulting.africa\/index.php\/wp-json\/wp\/v2\/product_tag?post=7222"}],"curies":[{"name":"wp","href":"https:\/\/api.w.org\/{rel}","templated":true}]}}