{"id":7189,"date":"2023-06-23T12:35:37","date_gmt":"2023-06-23T12:35:37","guid":{"rendered":"https:\/\/centralconsulting.africa\/?post_type=product&#038;p=7189"},"modified":"2023-06-23T12:35:37","modified_gmt":"2023-06-23T12:35:37","slug":"grues-marines-de-1-a-600-t","status":"publish","type":"product","link":"https:\/\/centralconsulting.africa\/index.php\/product\/grues-marines-de-1-a-600-t\/","title":{"rendered":"GRUES MARINES DE 1 \u00c0 600 T"},"content":{"rendered":"","protected":false},"excerpt":{"rendered":"<p>Si vous choisissez un pont roulant PALFINGER MARINE, vous optez pour une flexibilit\u00e9 maximale. Apr\u00e8s tout, les grues sont disponibles dans une large gamme de conceptions, offrant des options et des fonctionnalit\u00e9s sur mesure pour des exigences tr\u00e8s individuelles. Disponibles depuis les simples grues jusqu\u2019aux grues sophistiqu\u00e9es de manutention d\u2019arbres BOP et XMAS, ce sont des solutions fiables et de haute qualit\u00e9 pour les environnements les plus vari\u00e9s. Particuli\u00e8rement compactes dans leur conception et disponibles en versions \u00e9lectriques ou hydrauliques, les ponts roulants PALFINGER MARINE ont \u00e9t\u00e9 con\u00e7us pour r\u00e9pondre aux plus hautes exigences. Peu importe si vous recherchez une grue suspendue, suspendue, \u00e0 portique ou semi-portique, nos produits sur mesure sont un choix puissant pour r\u00e9pondre \u00e0 diverses exigences jusqu\u2019\u00e0 SWL 600 t.<\/p>\n","protected":false},"featured_media":7190,"comment_status":"open","ping_status":"closed","template":"","meta":[],"product_cat":[],"product_tag":[],"_links":{"self":[{"href":"https:\/\/centralconsulting.africa\/index.php\/wp-json\/wp\/v2\/product\/7189"}],"collection":[{"href":"https:\/\/centralconsulting.africa\/index.php\/wp-json\/wp\/v2\/product"}],"about":[{"href":"https:\/\/centralconsulting.africa\/index.php\/wp-json\/wp\/v2\/types\/product"}],"replies":[{"embeddable":true,"href":"https:\/\/centralconsulting.africa\/index.php\/wp-json\/wp\/v2\/comments?post=7189"}],"wp:featuredmedia":[{"embeddable":true,"href":"https:\/\/centralconsulting.africa\/index.php\/wp-json\/wp\/v2\/media\/7190"}],"wp:attachment":[{"href":"https:\/\/centralconsulting.africa\/index.php\/wp-json\/wp\/v2\/media?parent=7189"}],"wp:term":[{"taxonomy":"product_cat","embeddable":true,"href":"https:\/\/centralconsulting.africa\/index.php\/wp-json\/wp\/v2\/product_cat?post=7189"},{"taxonomy":"product_tag","embeddable":true,"href":"https:\/\/centralconsulting.africa\/index.php\/wp-json\/wp\/v2\/product_tag?post=7189"}],"curies":[{"name":"wp","href":"https:\/\/api.w.org\/{rel}","templated":true}]}}