{"id":7185,"date":"2023-06-23T12:29:55","date_gmt":"2023-06-23T12:29:55","guid":{"rendered":"https:\/\/centralconsulting.africa\/?post_type=product&#038;p=7185"},"modified":"2023-06-23T12:29:55","modified_gmt":"2023-06-23T12:29:55","slug":"grues-a-fleche-relevable","status":"publish","type":"product","link":"https:\/\/centralconsulting.africa\/index.php\/product\/grues-a-fleche-relevable\/","title":{"rendered":"GRUES \u00c0 FL\u00c8CHE RELEVABLE"},"content":{"rendered":"","protected":false},"excerpt":{"rendered":"<p>Les grues \u00e0 fl\u00e8che \u00e0 treillis et \u00e0 c\u00e2ble relevable PALFINGER MARINE sont bas\u00e9es sur une conception de socle pivotant. Les grues sont \u00e0 la pointe de la technologie et fournies selon les derni\u00e8res r\u00e8gles et r\u00e9glementations offshore dans la plage de couple de levage 4000\u201330000 kNm. Les grues \u00e0 fl\u00e8che et \u00e0 treillis \u00e0 c\u00e2ble relevable sont fournies avec des blocs d\u2019alimentation \u00e9lectrohydrauliques ou hydrauliques diesel int\u00e9gr\u00e9s. De plus, PALFINGER MARINE a d\u00e9velopp\u00e9 une nouvelle et innovante conception de grue \u00e0 relevage \u00e9lectrique enti\u00e8rement \u00e9lectrique. Les grues \u00e0 fl\u00e8che et \u00e0 treillis sont g\u00e9n\u00e9ralement utilis\u00e9es sur les installations fixes et sur les plates-formes de forage, les \u00e9l\u00e9vateurs, les navires de forage, les FPU et les FPSO. G\u00e9n\u00e9ralement utilis\u00e9 lorsque la port\u00e9e n\u00e9cessaire d\u00e9passe 40 \u00e0 50 m.<\/p>\n<p>Grues de pont<br \/>\nGrues Ship to Ship<\/p>\n","protected":false},"featured_media":7186,"comment_status":"open","ping_status":"closed","template":"","meta":[],"product_cat":[],"product_tag":[],"_links":{"self":[{"href":"https:\/\/centralconsulting.africa\/index.php\/wp-json\/wp\/v2\/product\/7185"}],"collection":[{"href":"https:\/\/centralconsulting.africa\/index.php\/wp-json\/wp\/v2\/product"}],"about":[{"href":"https:\/\/centralconsulting.africa\/index.php\/wp-json\/wp\/v2\/types\/product"}],"replies":[{"embeddable":true,"href":"https:\/\/centralconsulting.africa\/index.php\/wp-json\/wp\/v2\/comments?post=7185"}],"wp:featuredmedia":[{"embeddable":true,"href":"https:\/\/centralconsulting.africa\/index.php\/wp-json\/wp\/v2\/media\/7186"}],"wp:attachment":[{"href":"https:\/\/centralconsulting.africa\/index.php\/wp-json\/wp\/v2\/media?parent=7185"}],"wp:term":[{"taxonomy":"product_cat","embeddable":true,"href":"https:\/\/centralconsulting.africa\/index.php\/wp-json\/wp\/v2\/product_cat?post=7185"},{"taxonomy":"product_tag","embeddable":true,"href":"https:\/\/centralconsulting.africa\/index.php\/wp-json\/wp\/v2\/product_tag?post=7185"}],"curies":[{"name":"wp","href":"https:\/\/api.w.org\/{rel}","templated":true}]}}