{"id":7125,"date":"2023-06-21T12:56:29","date_gmt":"2023-06-21T12:56:29","guid":{"rendered":"https:\/\/centralconsulting.africa\/?post_type=product&#038;p=7125"},"modified":"2023-06-21T12:56:29","modified_gmt":"2023-06-21T12:56:29","slug":"joint-de-cloison-simplex-centrax-s","status":"publish","type":"product","link":"https:\/\/centralconsulting.africa\/index.php\/product\/joint-de-cloison-simplex-centrax-s\/","title":{"rendered":"JOINT DE CLOISON SIMPLEX CENTRAX S"},"content":{"rendered":"","protected":false},"excerpt":{"rendered":"<table class=\"paragraphetexte\" border=\"0\" width=\"100%\" cellspacing=\"0\" cellpadding=\"0\">\n<tbody>\n<tr>\n<td width=\"100%\">\n<div class=\"B10_paragraphe_0\">\n<p>Le joint de cloison Simplex Centrax S est bas\u00e9 sur la conception du Simplex Centrax.<\/p>\n<p>Afin de compenser davantage les grands d\u00e9placements radiaux de l\u2019arbre, le Simplex Centrax S se compose d\u2019un bo\u00eetier int\u00e9rieur et ext\u00e9rieur.<\/p>\n<p>L\u2019anneau int\u00e9rieur est ins\u00e9r\u00e9 dans un anneau ext\u00e9rieur du bo\u00eetier.<\/p>\n<p>Les mouvements radiaux des arbres, comme les chocs par exemple, sont facilement absorb\u00e9s par le joint de cloison Simplex Centrax S.<\/p>\n<p>En raison des bonnes propri\u00e9t\u00e9s autolubrifiantes des bagues d\u2019\u00e9tanch\u00e9it\u00e9, aucune lubrification suppl\u00e9mentaire n\u2019est n\u00e9cessaire. Le joint de cloison Simplex Centrax S est donc pratiquement sans entretien.<\/p>\n<\/div>\n<\/td>\n<\/tr>\n<\/tbody>\n<\/table>\n","protected":false},"featured_media":7126,"comment_status":"open","ping_status":"closed","template":"","meta":[],"product_cat":[],"product_tag":[],"_links":{"self":[{"href":"https:\/\/centralconsulting.africa\/index.php\/wp-json\/wp\/v2\/product\/7125"}],"collection":[{"href":"https:\/\/centralconsulting.africa\/index.php\/wp-json\/wp\/v2\/product"}],"about":[{"href":"https:\/\/centralconsulting.africa\/index.php\/wp-json\/wp\/v2\/types\/product"}],"replies":[{"embeddable":true,"href":"https:\/\/centralconsulting.africa\/index.php\/wp-json\/wp\/v2\/comments?post=7125"}],"wp:featuredmedia":[{"embeddable":true,"href":"https:\/\/centralconsulting.africa\/index.php\/wp-json\/wp\/v2\/media\/7126"}],"wp:attachment":[{"href":"https:\/\/centralconsulting.africa\/index.php\/wp-json\/wp\/v2\/media?parent=7125"}],"wp:term":[{"taxonomy":"product_cat","embeddable":true,"href":"https:\/\/centralconsulting.africa\/index.php\/wp-json\/wp\/v2\/product_cat?post=7125"},{"taxonomy":"product_tag","embeddable":true,"href":"https:\/\/centralconsulting.africa\/index.php\/wp-json\/wp\/v2\/product_tag?post=7125"}],"curies":[{"name":"wp","href":"https:\/\/api.w.org\/{rel}","templated":true}]}}